{"id":20,"date":"2009-01-11T13:30:15","date_gmt":"2009-01-11T12:30:15","guid":{"rendered":"http:\/\/www.k2site.pl\/?page_id=20"},"modified":"2009-01-11T13:30:15","modified_gmt":"2009-01-11T12:30:15","slug":"programator-mikrokontrolerow-pic-lpt","status":"publish","type":"page","link":"http:\/\/www.k2site.pl\/?page_id=20","title":{"rendered":"Programator mikrokontroler\u00f3w PIC (LPT)"},"content":{"rendered":"<p>Jako \u017ce do &#8222;zabawy&#8221; z mikokontrolerami wybra\u0142em uk\u0142ady firmy Microchip, gdy tylko dowiedzia\u0142em si\u0119 jak je programowa\u0107, rozpocz\u0105\u0142em poszukiwania informacji o programatorach kt\u00f3re umo\u017cliwiaj\u0105 wgranie skompilowanego program do pami\u0119ci uC. Najprostsze rozwi\u0105zanie na kt\u00f3re trafi\u0142em to programator z zewn\u0119trznym zasilaniem +13v, pod\u0142\u0105czanym do portu LPT w komputerze PC. Internet jest pe\u0142en tego typu rozwi\u0105za\u0144, ja wykona\u0142em rodzim\u0105 konstrukcj\u0119 przedstawion\u0105 na forum <a href=\"http:\/\/www.elektroda.pl\/rtvforum\/topic547344.html\">elektroda.pl<\/a>. Poniewa\u017c nie podoba\u0142a mi si\u0119 PCB autora, postanowi\u0142em na podstawie schematu zaprojektowa\u0107 w\u0142asn\u0105.<\/p>\n<p style=\"text-align: center;\"><img decoding=\"async\" src=\"http:\/\/www.k2site.pl\/gfx_w\/picprog\/lptprog_pcb.jpg\" border=\"1\" \/><\/p>\n<p>Poni\u017cej gotowy programator.<\/p>\n<p style=\"text-align: center;\"><img decoding=\"async\" src=\"http:\/\/www.k2site.pl\/gfx_w\/picprog\/lptprog.jpg\" border=\"1\" \/><\/p>\n<p>Programator przy pomocy programu <a href=\"http:\/\/www.sprut.de\/electronic\/soft\/pbrenner\/pbrenner2.htm\">PBrennerNG<\/a> pozwala na zaprogramowanie praktycznie wszystkich uC z rodziny PIC16Fxx \/ PIC16Fxxx \/ PIX12Fxxx, a tak\u017ce uC z rodziny PIC18Fxx2\/xx8, PIC18F1XX20\/2XX0\/2XX5\/4XX0\/4XX5\/6XXX\/8XXX za pomoc\u0105 programu <a href=\"http:\/\/www.sprut.de\/electronic\/soft\/p18\/p18.htm\">++ P18 ++<\/a>.<BR><br \/>\nProgramator przetestowa\u0142em z uC z rodziny PIC18 jak oraz PIC 16 i nie mam \u017cadnych zastrze\u017ce\u0144 co do samego programowania. Niestety na d\u0142u\u017csz\u0105 met\u0119 korzystanie z tego programatora jest bardzo uci\u0105\u017cliwe (dodatkowe zasilanie, interfejs LPT).<\/p>\n","protected":false},"excerpt":{"rendered":"<p>Jako \u017ce do &#8222;zabawy&#8221; z mikokontrolerami wybra\u0142em uk\u0142ady firmy Microchip, gdy tylko dowiedzia\u0142em si\u0119 jak je programowa\u0107, rozpocz\u0105\u0142em poszukiwania informacji o programatorach kt\u00f3re umo\u017cliwiaj\u0105 wgranie skompilowanego program do pami\u0119ci uC. Najprostsze rozwi\u0105zanie na kt\u00f3re trafi\u0142em to programator z zewn\u0119trznym zasilaniem +13v, pod\u0142\u0105czanym do portu LPT w komputerze PC. Internet jest pe\u0142en tego typu rozwi\u0105za\u0144, ja [&hellip;]<\/p>\n","protected":false},"author":1,"featured_media":0,"parent":3,"menu_order":0,"comment_status":"open","ping_status":"closed","template":"","meta":{"footnotes":""},"class_list":["post-20","page","type-page","status-publish","hentry"],"_links":{"self":[{"href":"http:\/\/www.k2site.pl\/index.php?rest_route=\/wp\/v2\/pages\/20","targetHints":{"allow":["GET"]}}],"collection":[{"href":"http:\/\/www.k2site.pl\/index.php?rest_route=\/wp\/v2\/pages"}],"about":[{"href":"http:\/\/www.k2site.pl\/index.php?rest_route=\/wp\/v2\/types\/page"}],"author":[{"embeddable":true,"href":"http:\/\/www.k2site.pl\/index.php?rest_route=\/wp\/v2\/users\/1"}],"replies":[{"embeddable":true,"href":"http:\/\/www.k2site.pl\/index.php?rest_route=%2Fwp%2Fv2%2Fcomments&post=20"}],"version-history":[{"count":9,"href":"http:\/\/www.k2site.pl\/index.php?rest_route=\/wp\/v2\/pages\/20\/revisions"}],"predecessor-version":[{"id":29,"href":"http:\/\/www.k2site.pl\/index.php?rest_route=\/wp\/v2\/pages\/20\/revisions\/29"}],"up":[{"embeddable":true,"href":"http:\/\/www.k2site.pl\/index.php?rest_route=\/wp\/v2\/pages\/3"}],"wp:attachment":[{"href":"http:\/\/www.k2site.pl\/index.php?rest_route=%2Fwp%2Fv2%2Fmedia&parent=20"}],"curies":[{"name":"wp","href":"https:\/\/api.w.org\/{rel}","templated":true}]}}