{"id":16,"date":"2008-08-20T11:55:04","date_gmt":"2008-08-20T10:55:04","guid":{"rendered":"http:\/\/www.k2site.pl\/?page_id=16"},"modified":"2008-08-20T11:55:04","modified_gmt":"2008-08-20T10:55:04","slug":"pcb-metoda-zelazkowa","status":"publish","type":"page","link":"http:\/\/www.k2site.pl\/?page_id=16","title":{"rendered":"PCB metod\u0105 \u017celazkow\u0105"},"content":{"rendered":"<p>O metodzie tej od d\u0142u\u017cszego czasu czyta\u0142em na r\u00f3\u017cnych stronach internetowych i zach\u0119cony rezultatami jakie widzia\u0142em postanowi\u0142em sam zabra\u0107 sie za wykonanie p\u0142ytki t\u0105 metod\u0105. Pierwsza pr\u00f3ba okaza\u0142a sie totalna pora\u017ck\u0105 tak jak kilka nast\u0119pnych, okaza\u0142o si\u0119 \u017ce wszystkiemu winien by\u0142 papier. Po ma\u0142ym &#8222;riserczu&#8221; i pr\u00f3bach okaza\u0142o sie ze najlepszy papier mo\u017cna znale\u017a\u0107 w kobiecych pismach, drukowane s\u0105 one na dobrej jako\u015bci papierze kredowym, stosunkowo cienkim. Maj\u0105c dobry papier p\u0142ytki wychodz\u0105 bez problemu.<BR><BR><\/p>\n<p>Aby wykona\u0107 PCB metod\u0105 \u017celazkow\u0105 potrzebne s\u0105:<br \/>\n0) \u017belazko<br \/>\n1) Drukarka laserowa<br \/>\n2) Papier kredowy<br \/>\n3) Projekt p\u0142ytki<br \/>\n4) Czysta p\u0142ytka z miedzi\u0105<br \/>\n5) Drobny papier \u015bcierny o ziarnie 300<br \/>\n6) Benzyna ekstrakcyjna<BR><BR><\/p>\n<p>Wykonanie p\u0142ytki zaczynamy od przyci\u0119cia jej na wymiar.<\/p>\n<p style=\"text-align: center\"><img decoding=\"async\" src=\"\/gfx_w\/pcb\/pcb_wyciete.jpg\" border=\"2\" \/><\/p>\n<p>Jak wida\u0107 powy\u017cej p\u0142ytka jest pokryta \u015bniedzi\u0105 (tlenkiem miedzi, tak rdzewieje miedz) szczeg\u00f3lnie je\u015bli le\u017ca\u0142a d\u0142u\u017cej, tutaj z pomoc\u0105 przychodzi papier \u015bcierny za kt\u00f3rego pomoc\u0105 czy\u015bcimy p\u0142ytk\u0119 a\u017c uzyska \u0142adny, b\u0142yszcz\u0105cy, jednolity, miedziany kolor, nast\u0119pnie przemywamy j\u0105 benzyna ekstrakcyjn\u0105 w celu odt\u0142uszczenia. Nast\u0119pnie drukujemy wz\u00f3r p\u0142ytki w odbiciu lustrzanym na papierze kredowym.<\/p>\n<p style=\"text-align: center\"><img decoding=\"async\" src=\"\/gfx_w\/pcb\/pcb_czyste.jpg\" border=\"2\" \/><\/p>\n<p>Teraz w ruch idzie \u017celazko, nale\u017cy wy\u0142\u0105czy\u0107 nadmuch pary i ustawi\u0107 temperatur\u0119 na 3\/4 zakresu, je\u015bli temperatura b\u0119dzie za du\u017ca p\u0142ytka zacznie \u015bmierdzie\u0107, miedz sie odbarwi od przegrzania, a toner rozp\u0142ynie, przy zbyt niskiej temperaturze toner nie odbije sie na miedzi. P\u0142ytk\u0119 najlepiej prasowa\u0107 na czym\u015b twardym np. deska (deska do prasowania sie nie nadaje, jest za mi\u0119kka) przez szmatk\u0119 aby nie pobrudzi\u0107 \u017celazka. Po oko\u0142o 5 minutach odstawiamy \u017celazko, papier z tonerem powinien dobrze trzyma\u0107 sie PCB. Nast\u0119pnie wrzucamy j\u0105 do gor\u0105cej wody i czekamy a\u017c nami\u0119knie. Po kilku minutach zaczynamy \u015bci\u0105ga\u0107, rolowa\u0107 (tylko nie zdrapywa\u0107) papier a\u017c odkryje sie sam toner. Sprawdzamy czy nie powsta\u0142y jakie\u015b niechciane po\u0142\u0105czenia i usuwamy je ig\u0142\u0105, ewentualne ubytki korygujemy np lakierem do paznokci.<\/p>\n<p style=\"text-align: center\"><img decoding=\"async\" src=\"\/gfx_w\/pcb\/pcb_odbite.jpg\" border=\"2\"><\/p>\n<p>Nast\u0119pnie umieszczamy p\u0142ytk\u0119 w naszym ulubionym \u015brodku trawi\u0105cym np. chlorku \u017celaza.<\/p>\n<p style=\"text-align: center\"><img decoding=\"async\" src=\"\/gfx_w\/pcb\/pcb_kwas.jpg\" border=\"2\"><\/p>\n<p>P\u0142ytka po 30 minutowej k\u0105pieli wygl\u0105da tak jak na obrazku powy\u017cej. Nast\u0119pnie za pomoc\u0105 benzyny zmywamy toner i ods\u0142aniamy mied\u017a.<\/p>\n<p style=\"text-align: center\"><img decoding=\"async\" src=\"\/gfx_w\/pcb\/pcb_finisz.jpg\" border=\"2\"><\/p>\n<p>Gotowa p\u0142ytka.<\/p>\n","protected":false},"excerpt":{"rendered":"<p>O metodzie tej od d\u0142u\u017cszego czasu czyta\u0142em na r\u00f3\u017cnych stronach internetowych i zach\u0119cony rezultatami jakie widzia\u0142em postanowi\u0142em sam zabra\u0107 sie za wykonanie p\u0142ytki t\u0105 metod\u0105. Pierwsza pr\u00f3ba okaza\u0142a sie totalna pora\u017ck\u0105 tak jak kilka nast\u0119pnych, okaza\u0142o si\u0119 \u017ce wszystkiemu winien by\u0142 papier. Po ma\u0142ym &#8222;riserczu&#8221; i pr\u00f3bach okaza\u0142o sie ze najlepszy papier mo\u017cna znale\u017a\u0107 w [&hellip;]<\/p>\n","protected":false},"author":1,"featured_media":0,"parent":3,"menu_order":0,"comment_status":"open","ping_status":"closed","template":"","meta":{"footnotes":""},"class_list":["post-16","page","type-page","status-publish","hentry"],"_links":{"self":[{"href":"http:\/\/www.k2site.pl\/index.php?rest_route=\/wp\/v2\/pages\/16","targetHints":{"allow":["GET"]}}],"collection":[{"href":"http:\/\/www.k2site.pl\/index.php?rest_route=\/wp\/v2\/pages"}],"about":[{"href":"http:\/\/www.k2site.pl\/index.php?rest_route=\/wp\/v2\/types\/page"}],"author":[{"embeddable":true,"href":"http:\/\/www.k2site.pl\/index.php?rest_route=\/wp\/v2\/users\/1"}],"replies":[{"embeddable":true,"href":"http:\/\/www.k2site.pl\/index.php?rest_route=%2Fwp%2Fv2%2Fcomments&post=16"}],"version-history":[{"count":0,"href":"http:\/\/www.k2site.pl\/index.php?rest_route=\/wp\/v2\/pages\/16\/revisions"}],"up":[{"embeddable":true,"href":"http:\/\/www.k2site.pl\/index.php?rest_route=\/wp\/v2\/pages\/3"}],"wp:attachment":[{"href":"http:\/\/www.k2site.pl\/index.php?rest_route=%2Fwp%2Fv2%2Fmedia&parent=16"}],"curies":[{"name":"wp","href":"https:\/\/api.w.org\/{rel}","templated":true}]}}