{"id":106,"date":"2009-10-12T22:13:06","date_gmt":"2009-10-12T21:13:06","guid":{"rendered":"http:\/\/www.k2site.pl\/?page_id=106"},"modified":"2009-10-12T22:13:06","modified_gmt":"2009-10-12T21:13:06","slug":"zasilacz-niestabilizowany-24v8a","status":"publish","type":"page","link":"http:\/\/www.k2site.pl\/?page_id=106","title":{"rendered":"Zasilacz niestabilizowany 24v\/8A"},"content":{"rendered":"<p>Gdy zacz\u0105\u0142em interesowa\u0107 si\u0119 sterowaniem silnik\u00f3w krokowych (p\u00f3\u017aniej r\u00f3wnie\u017c pr\u0105du sta\u0142ego), zosta\u0142em zmuszony do budowy odpowiedniego zasilacza. Po zapoznaniu si\u0119 z ro\u017cnymi rozwi\u0105zaniami wioz\u0142em si\u0119 za projektowanie. Na pocz\u0105tek trafo, za\u0142o\u017cenia pocz\u0105tkowe napi\u0119cie 24v oraz oko\u0142o 8-9A wydajno\u015bci pr\u0105dowej. Wyb\u00f3r pad\u0142 na toroidalny transformator TS150VA 230\/18V z sklepu <a href=\"http:\/\/www.toroidy.pl\/\">www.toroidy.pl<\/a>. Osiemna\u015bcie wolt\u00f3w napi\u0119cia zmiennego po wyprostowaniu (U*1.41) da\u0142o oko\u0142o 25,4v, po odj\u0119ciu spadku na mostku (-1,4v) otrzyma\u0142em w przybli\u017ceniu 24v. Aby zapewni\u0107 chwilowy wzrost zapotrzebowania na pr\u0105d, zasilacz posiada sze\u015b\u0107 r\u00f3wnolegle po\u0142\u0105czonych kondensator\u00f3w elektrolitycznych o pojemno\u015bci 4700uf ka\u017cdy. Zasilacz przed przeci\u0105\u017ceniem zabezpieczony jest 8A bezpiecznikiem na wej\u015bciu zasilania oraz 3A na ka\u017cdym z trzech wyj\u015b\u0107.<BR><BR><\/p>\n<p style=\"text-align: center\"><img decoding=\"async\" src=\"\/gfx_w\/z24v\/zasiacz_gora.jpg\" border=\"2\" \/><\/p>\n<p style=\"text-align: center\"><img decoding=\"async\" src=\"\/gfx_w\/z24v\/zasiacz_spod.jpg\" border=\"2\" \/><\/p>\n<p style=\"text-align: center\"><img decoding=\"async\" src=\"\/gfx_w\/z24v\/trafo.jpg\" border=\"2\" \/><\/p>\n","protected":false},"excerpt":{"rendered":"<p>Gdy zacz\u0105\u0142em interesowa\u0107 si\u0119 sterowaniem silnik\u00f3w krokowych (p\u00f3\u017aniej r\u00f3wnie\u017c pr\u0105du sta\u0142ego), zosta\u0142em zmuszony do budowy odpowiedniego zasilacza. Po zapoznaniu si\u0119 z ro\u017cnymi rozwi\u0105zaniami wioz\u0142em si\u0119 za projektowanie. Na pocz\u0105tek trafo, za\u0142o\u017cenia pocz\u0105tkowe napi\u0119cie 24v oraz oko\u0142o 8-9A wydajno\u015bci pr\u0105dowej. Wyb\u00f3r pad\u0142 na toroidalny transformator TS150VA 230\/18V z sklepu www.toroidy.pl. Osiemna\u015bcie wolt\u00f3w napi\u0119cia zmiennego po wyprostowaniu [&hellip;]<\/p>\n","protected":false},"author":1,"featured_media":0,"parent":3,"menu_order":0,"comment_status":"open","ping_status":"closed","template":"","meta":{"footnotes":""},"class_list":["post-106","page","type-page","status-publish","hentry"],"_links":{"self":[{"href":"http:\/\/www.k2site.pl\/index.php?rest_route=\/wp\/v2\/pages\/106","targetHints":{"allow":["GET"]}}],"collection":[{"href":"http:\/\/www.k2site.pl\/index.php?rest_route=\/wp\/v2\/pages"}],"about":[{"href":"http:\/\/www.k2site.pl\/index.php?rest_route=\/wp\/v2\/types\/page"}],"author":[{"embeddable":true,"href":"http:\/\/www.k2site.pl\/index.php?rest_route=\/wp\/v2\/users\/1"}],"replies":[{"embeddable":true,"href":"http:\/\/www.k2site.pl\/index.php?rest_route=%2Fwp%2Fv2%2Fcomments&post=106"}],"version-history":[{"count":10,"href":"http:\/\/www.k2site.pl\/index.php?rest_route=\/wp\/v2\/pages\/106\/revisions"}],"predecessor-version":[{"id":116,"href":"http:\/\/www.k2site.pl\/index.php?rest_route=\/wp\/v2\/pages\/106\/revisions\/116"}],"up":[{"embeddable":true,"href":"http:\/\/www.k2site.pl\/index.php?rest_route=\/wp\/v2\/pages\/3"}],"wp:attachment":[{"href":"http:\/\/www.k2site.pl\/index.php?rest_route=%2Fwp%2Fv2%2Fmedia&parent=106"}],"curies":[{"name":"wp","href":"https:\/\/api.w.org\/{rel}","templated":true}]}}